f o?
2, 7
Let p(c) = 88*c - 36. What are the prime factors of p(6)?
2, 3, 41
Let g(w) be the first derivative of w**3/3 + 7*w**2 - 27*w + 6. What are the prime factors of g(8)?
149
Let q(l) = -l**3 + l**2 + 4*l + 123. List the prime factors of q(0).
3, 41
Suppose 2*b = -2*p + p + 8, -4*b = -2*p. Suppose -b*h - h + 234 = 0. Suppose t - 48 = -2*g, -4*t - 4*g + 254 - h = 0. List the prime factors of t.
2, 5
Let f(z) = -z**2 + 6*z - 8. Let i be f(2). List the prime factors of 9 + -1*(i - 1).
2, 5
Let h be (3/(-2) - -2)/(3/42). Suppose -3 = -5*c + h, -g + c = -14. List the prime factors of g.
2
Let m = 10 + -19. List the prime factors of 162/(-15)*(m - -4).
2, 3
Let w(s) = -2*s**3 - 10*s**2 - 8*s. Let f be w(-6). Suppose 5*h - 211 - 83 = -4*b, 2*h = -4*b + f. Let m = -36 + h. List the prime factors of m.
2, 11
Suppose -3 = 2*f + 3*o, 4*f = o - 0*o - 13. List the prime factors of f/(-6) - 1/((-6)/1575).
263
Let v(h) = 62*h + 11. List the prime factors of v(9).
569
Suppose 2387 + 301 = 12*l. List the prime factors of l.
2, 7
List the prime factors of (-3 + (-460)/16)/(9/(-684)).
19, 127
Let b(k) = 256*k + 74. List the prime factors of b(2).
2, 293
Suppose 0*v + 34 = -v. Let w be ((-13)/3 + (-8)/(-12))*-21. Let o = w + v. What are the prime factors of o?
43
Suppose 3*p - 4*k - 2249 = 0, 7*p - 9*p + 1496 = -2*k. What are the prime factors of p?
743
Let p be (-12)/28 + (-716)/28. Let m = p + 32. What are the prime factors of m?
2, 3
Let g(i) = -i**2 - 3*i + 7. Let s be g(-4). Suppose -16 + 73 = s*a. Let l = a + -2. List the prime factors of l.
17
Suppose -3 + 9 = 3*y. Let r be -11 + 118 + (y - -1). Suppose -5*v + r + 15 = 0. What are the prime factors of v?
5
Let i = 540 + 27. What are the prime factors of i?
3, 7
Let s(k) = k**3 + k**2 - k. Let x(d) = 5*d**3 - 9*d**2 - 5*d - 2. Let m(a) = 4*s(a) - x(a). List the prime factors of m(13).
3, 5
Suppose -4*f + 22 = -3*f + 4*s, 2*s = 3*f + 4. Suppose -3*z + 26 = 5*u - 103, f*z - 5*u = 61. List the prime factors of z.
2, 19
Let o(h) = -3*h**2 - h + 1. Let k be o(-2). Let l = -3 - k. Suppose -j + l + 19 = 0. List the prime factors of j.
5
Let f(p) = 2*p - 5. Let q be f(6). Let u(j) = 8*j + 7. Let d(t) = 7*t + 7. Let l(n) = q*d(n) - 6*u(n). List the prime factors of l(-4).
3
Let i = -2469 - -4893. List the prime factors of i.
2, 3, 101
Let x(g) = -39*g + 372. What are the prime factors of x(-33)?
3, 7, 79
Suppose -5*i - 32*a + 33*a + 7701 = 0, -i + 1529 = -3*a. What are the prime factors of i?
23, 67
List the prime factors of 240/192*16/10.
2
Suppose 3*v + 0 = -a + 10, 0 = -4*a - 5*v + 19. List the prime factors of a*(-1 + (7 - -3)).
3
Let p = -443 + 763. List the prime factors of p.
2, 5
Let p(c) = -2*c - c - 8 + 0*c + 7*c. Let l be p(4). Suppose 1 = n - l. List the prime factors of n.
3
Let y(q) = q - 6. Let o be y(12). Suppose 3*w - 4*w + o = 5*b, 24 = 2*w - 2*b. Let a(l) = -l**2 + 11*l + 19. List the prime factors of a(w).
19
Let x(j) = j**3 - 7*j**2 + 8*j + 9. Let o be x(7). Let c = -49 + o. What are the prime factors of c?
2
Let v(s) = -5*s**3 - s**2 - 23*s - 21. Let t(d) = -d**3 - 6*d - 5. Let i(l) = -9*t(l) + 2*v(l). List the prime factors of i(-6).
3, 11
Let g(h) = -3*h**2 - 1. Let k be g(-2). Let f(s) = -s**2 - 13*s + 3. Let a be f(k). Let y(p) = p**3. What are the prime factors of y(a)?
3
Let w(n) = -7*n + 1. Let l be w(-11). Let j = l - 111. Let b = 49 + j. What are the prime factors of b?
2
Let l(z) = 2*z**2 + 3*z + 2. Let r be l(-2). Let v = -28 - -30. Suppose -v*d - 38 = -r*d. What are the prime factors of d?
19
Let y(b) = b**3 + 17*b**2 + 30*b + 4. Let u be y(-15). Suppose i - 28 = -3*p, -9*i + u*i + 92 = -p. What are the prime factors of i?
19
Let x be (-12)/(-30) + (-69)/(-15). Suppose -x*s = -86 + 6. Suppose -4*f = 2*i - 52, -i = -2*f - 30 - s. What are the prime factors of i?
2, 3
Let q(i) = i**3 + i**2 + 3*i - 18. Let x be q(8). Suppose -x + 97 = -5*f. List the prime factors of f.
97
Let c be 10 - (1 + 2) - 2. Suppose 5*p - 226 = -2*v + 46, -c*p = 10. List the prime factors of v.
3, 47
Suppose 0 = 3*q - 31 + 238. Let h = q + 98. What are the prime factors of h?
29
Let t = -1 + -25. Let n = t - -30. Suppose -2*s + a - 3*a = -n, -39 = -2*s + 5*a. What are the prime factors of s?
7
Suppose -712 = -2*i - 6*i. Suppose 4*s - 6 + 222 = -y, -43 = s + 3*y. Let c = s + i. List the prime factors of c.
2, 17
Let i(n) be the third derivative of -n**5/60 - 5*n**4/6 + 9*n**3/2 - 8*n**2. List the prime factors of i(-19).
2, 23
List the prime factors of 0/12 - (-563 - 1).
2, 3, 47
Suppose -5*s = 4*v - 11925, -v = 4*v + 3*s - 14890. List the prime factors of v.
5, 7, 17
What are the prime factors of ((-2145)/5 - 7)/(-2)?
2, 109
Suppose 0 = i - 4*j - 1275, 0 = -3*i - 40*j + 37*j + 3780. List the prime factors of i.
3, 421
Let w = -4855 + 7070. List the prime factors of w.
5, 443
Let n(p) be the third derivative of p**4/6 - 3*p**3/2 - 19*p**2. List the prime factors of n(3).
3
Let z(h) = -97*h + 1. Let d = 0 + -2. Let s be z(d). Suppose 2*o = -3*o + s. What are the prime factors of o?
3, 13
Let g(v) = 6*v**3 - v**2 - 4*v - 5. Let i be g(-2). Let p = i - -93. What are the prime factors of p?
2, 11
Suppose f + 560 = -4*f. Let z be 32/f - (-60)/14. Suppose -5*w = -3*j + 62, -z*j + w = 5*w - 136. What are the prime factors of j?
29
Suppose -3*y = 506 - 2417. List the prime factors of y.
7, 13
Suppose 17*q + 6456 = 23*q. List the prime factors of q.
2, 269
Suppose 12*m + 136 = 14*m. Let d = 4 + m. What are the prime factors of d?
2, 3
Suppose -5*g - 4*u = 2, 4 = -2*g - 2*u + 2. List the prime factors of ((-28)/(-3))/(g/12*2).
2, 7
Suppose 5*v - 4*i - 44 = -8, -2*v - 3*i - 4 = 0. Suppose q + 2*z = 45, -q - 21 = -2*q + v*z. What are the prime factors of q?
37
Let b be -2 + 0/(-1) + 23. Suppose 12*u + 256 = 28*u. Let a = b - u. List the prime factors of a.
5
Let a(m) = 6*m**2. Let o be a(-3). Suppose -2*u + 3*p - 83 = 0, -3*p = -4*u + 68 - 219. Let k = u + o. List the prime factors of k.
2, 5
Suppose 0 = 3*i + 4*l + 1 + 6, 0 = 3*i + 2*l - 1. What are the prime factors of (i - 0/2) + (-4 - -156)?
5, 31
Let c be 1/2 - 1/2. Suppose -5*d + 220 + c = 0. List the prime factors of d.
2, 11
Let p be 13*(-1)/(-4) + 4/(-16). Suppose 12 = 3*n + p. List the prime factors of n.
3
Let z(w) = -9*w. Let h be z(5). Let l(k) = 2*k**3 - 10*k**2 + 9. Let v be l(6). Let q = v + h. What are the prime factors of q?
2, 3
List the prime factors of (3106 - 8 - -1) + 11.
2, 5, 311
Let m = -28 + 27. List the prime factors of ((-112)/21)/(m + 16/18).
2, 3
Let s(b) = -87*b - 392. List the prime factors of s(-20).
2, 337
Suppose f = -4*f - 2*w + 75, w - 70 = -5*f. Let v = f + 15. What are the prime factors of v?
2, 7
Suppose -3*u = -5*z + 654, -3*z + z + 4*u = -256. Suppose -z = -2*f + 2*q, -q = -2*f + 3*q + 122. What are the prime factors of f?
71
List the prime factors of (-1)/((-10)/1988) - 5/(-25).
199
Let g(b) = b**2 - 5*b - 8. Let i = -18 + 24. Let p be g(i). List the prime factors of p*(-6)/4 + 39.
2, 3, 7
Suppose -p + 331 = -2*u, -5*u + 475 = 2*p - 196. What are the prime factors of p?
3, 37
Let d(r) = 25*r**2 - 39*r + 167. List the prime factors of d(6).
7, 17
Let g(z) = 10*z**2 - z - 1. Let r be g(7). Suppose -6*y + 136 = -r. Suppose -2*s - y = -3*x + 3*s, x - 45 = -s. List the prime factors of x.
41
Let f(l) = l**2 + l + 1. Let r(i) = -6*i**2 + i - 12. Let m(h) = 5*f(h) + r(h). Let d be m(6). Let g = d + 28. What are the prime factors of g?
3, 7
Let f(q) be the second derivative of q**6/120 + q**5/20 - q**4/4 - q**3/6 - 4*q. Let v(g) be the second derivative of f(g). What are the prime factors of v(-6)?
2, 3, 11
Let h(v) be the first derivative of -v**3/3 - 5*v**2/2 + 107*v + 19. List the prime factors of h(0).
107
Suppose -289 = -4*u + 127. Suppose u = 5*y - o, -y - 80 = -5*y + 4*o. What are the prime factors of y?
3, 7
Suppose 0 = 422*k - 419*k - 1005. List the prime factors of k.
5, 67
Let i = -152 - -267. Suppose -191 = -5*j - a, 0 = 3*j - 0*j + a - i. What are the prime factors of j?
2, 19
Let q(y) = 2*y**2 - 4*y + 2. Let h be q(4). Let w = 282 - 267. Let x = h - w. What are the prime factors of x?
3
Suppose 3*q - 4*i - 13 - 1 = 0, 0 = 4*q - 5*i - 18. Let z = 2 + 2. Suppose z*x = f + 34 + 33, -q*x + 41 = f. What are the prime f